{"id":870,"date":"2026-09-04T08:36:53","date_gmt":"2026-09-04T06:36:53","guid":{"rendered":"https:\/\/www.trippsport.fr\/blog\/courses\/rando-solidaire-et-transfrontaliere-de-lautomne-ypres-be-2026-10-04-es\/"},"modified":"2026-09-04T08:56:25","modified_gmt":"2026-09-04T06:56:25","slug":"rando-solidaire-et-transfrontaliere-de-lautomne-ypres-be-2026-10-04-es","status":"publish","type":"course","link":"https:\/\/www.trippsport.fr\/blog\/es\/courses\/rando-solidaire-et-transfrontaliere-de-lautomne-ypres-be-2026-10-04-es\/","title":{"rendered":"Rando Solidaire et Transfrontali\u00e8re de l\u2019Automne \u2013 Ypres (Be)"},"content":{"rendered":"","protected":false},"excerpt":{"rendered":"<p>Informaci\u00f3n pr\u00e1ctica sobre Rando Solidaire et Transfrontali\u00e8re de l\u2019Automne \u2013 Ypres (Be): fecha, lugar, distancias, horarios de salida, organizador y resultados anteriores.<\/p>\n","protected":false},"featured_media":0,"template":"","meta":[],"course_discipline":[160],"class_list":["post-870","course","type-course","status-publish","hentry","course_discipline-sport"],"_links":{"self":[{"href":"https:\/\/www.trippsport.fr\/blog\/wp-json\/wp\/v2\/course\/870","targetHints":{"allow":["GET"]}}],"collection":[{"href":"https:\/\/www.trippsport.fr\/blog\/wp-json\/wp\/v2\/course"}],"about":[{"href":"https:\/\/www.trippsport.fr\/blog\/wp-json\/wp\/v2\/types\/course"}],"wp:attachment":[{"href":"https:\/\/www.trippsport.fr\/blog\/wp-json\/wp\/v2\/media?parent=870"}],"wp:term":[{"taxonomy":"course_discipline","embeddable":true,"href":"https:\/\/www.trippsport.fr\/blog\/wp-json\/wp\/v2\/course_discipline?post=870"}],"curies":[{"name":"wp","href":"https:\/\/api.w.org\/{rel}","templated":true}]}}

Rando Solidaire et Transfrontalière de l’Automne – Ypres (Be)

<p>Información práctica sobre Rando Solidaire et Transfrontalière de l’Automne – Ypres (Be): fecha, lugar, distancias, horarios de salida, organizador y resultados anteriores.</p>
